{"id":2,"date":"2017-10-17T19:19:16","date_gmt":"2017-10-17T17:19:16","guid":{"rendered":"https:\/\/www.kleiderboerse-altenholz.de\/wordpress\/?page_id=2"},"modified":"2026-03-24T07:04:43","modified_gmt":"2026-03-24T06:04:43","slug":"beispiel-seite","status":"publish","type":"page","link":"https:\/\/www.kleiderboerse-altenholz.de\/wordpress\/","title":{"rendered":"Willkommen"},"content":{"rendered":"\n<figure class=\"wp-block-gallery has-nested-images columns-default is-cropped wp-block-gallery-1 is-layout-flex wp-block-gallery-is-layout-flex\">\n<figure class=\"wp-block-image size-large\"><img loading=\"lazy\" decoding=\"async\" width=\"1024\" height=\"473\" data-id=\"401\" src=\"https:\/\/www.kleiderboerse-altenholz.de\/wordpress\/wp-content\/uploads\/2025\/05\/IMG_20250510_092743-1024x473.jpg\" alt=\"\" class=\"wp-image-401\" srcset=\"https:\/\/www.kleiderboerse-altenholz.de\/wordpress\/wp-content\/uploads\/2025\/05\/IMG_20250510_092743-1024x473.jpg 1024w, https:\/\/www.kleiderboerse-altenholz.de\/wordpress\/wp-content\/uploads\/2025\/05\/IMG_20250510_092743-300x138.jpg 300w, https:\/\/www.kleiderboerse-altenholz.de\/wordpress\/wp-content\/uploads\/2025\/05\/IMG_20250510_092743-768x354.jpg 768w, https:\/\/www.kleiderboerse-altenholz.de\/wordpress\/wp-content\/uploads\/2025\/05\/IMG_20250510_092743-1536x709.jpg 1536w, https:\/\/www.kleiderboerse-altenholz.de\/wordpress\/wp-content\/uploads\/2025\/05\/IMG_20250510_092743-2048x945.jpg 2048w, https:\/\/www.kleiderboerse-altenholz.de\/wordpress\/wp-content\/uploads\/2025\/05\/IMG_20250510_092743-945x436.jpg 945w, https:\/\/www.kleiderboerse-altenholz.de\/wordpress\/wp-content\/uploads\/2025\/05\/IMG_20250510_092743-600x277.jpg 600w\" sizes=\"auto, (max-width: 1024px) 100vw, 1024px\" \/><figcaption class=\"wp-element-caption\">Gemeinschaftsschule Altenholz <\/figcaption><\/figure>\n<\/figure>\n\n\n\n<p>Die 42. Kinderkleidung- und Spielzeugb\u00f6rse findet am 12. September 2026 von 9 bis 12 Uhr in der Gemeinschaftsschule Altenholz, Danziger Str. 18c, statt.<\/p>\n\n\n\n<p>Einlass f\u00fcr Schwangere erfolgt 30 Minuten vor dem regul\u00e4ren Einlass.<\/p>\n\n\n\n<p>NEU: Im Fr\u00fchjahr stehen Konfirmationen und Hochzeiten an. Ab sofort bieten wir festliche Kleidung f\u00fcr junge Leute von 1- 18 Jahren an. <\/p>\n\n\n\n<p>Parkpl\u00e4tze sind in der Posener Str., am Ende der Danziger Stra\u00dfe sowie bei den Turnhallen vorhanden. Bitte beachten Sie die StVO sowie die Parkverbotsbereiche in den Stra\u00dfen.<\/p>\n\n\n\n<p><\/p>\n","protected":false},"excerpt":{"rendered":"<p>Die 42. Kinderkleidung- und Spielzeugb\u00f6rse findet am 12. September 2026 von 9 bis 12 Uhr in der Gemeinschaftsschule Altenholz, Danziger Str. 18c, statt. Einlass f\u00fcr Schwangere erfolgt 30 Minuten vor dem regul\u00e4ren Einlass. NEU: Im Fr\u00fchjahr stehen Konfirmationen und Hochzeiten&#8230; <a class=\"more-link\" href=\"https:\/\/www.kleiderboerse-altenholz.de\/wordpress\/\">Weiterlesen &rarr;<\/a><\/p>\n","protected":false},"author":1,"featured_media":0,"parent":0,"menu_order":0,"comment_status":"closed","ping_status":"closed","template":"","meta":{"footnotes":""},"class_list":["post-2","page","type-page","status-publish","hentry"],"_links":{"self":[{"href":"https:\/\/www.kleiderboerse-altenholz.de\/wordpress\/index.php?rest_route=\/wp\/v2\/pages\/2","targetHints":{"allow":["GET"]}}],"collection":[{"href":"https:\/\/www.kleiderboerse-altenholz.de\/wordpress\/index.php?rest_route=\/wp\/v2\/pages"}],"about":[{"href":"https:\/\/www.kleiderboerse-altenholz.de\/wordpress\/index.php?rest_route=\/wp\/v2\/types\/page"}],"author":[{"embeddable":true,"href":"https:\/\/www.kleiderboerse-altenholz.de\/wordpress\/index.php?rest_route=\/wp\/v2\/users\/1"}],"replies":[{"embeddable":true,"href":"https:\/\/www.kleiderboerse-altenholz.de\/wordpress\/index.php?rest_route=%2Fwp%2Fv2%2Fcomments&post=2"}],"version-history":[{"count":53,"href":"https:\/\/www.kleiderboerse-altenholz.de\/wordpress\/index.php?rest_route=\/wp\/v2\/pages\/2\/revisions"}],"predecessor-version":[{"id":495,"href":"https:\/\/www.kleiderboerse-altenholz.de\/wordpress\/index.php?rest_route=\/wp\/v2\/pages\/2\/revisions\/495"}],"wp:attachment":[{"href":"https:\/\/www.kleiderboerse-altenholz.de\/wordpress\/index.php?rest_route=%2Fwp%2Fv2%2Fmedia&parent=2"}],"curies":[{"name":"wp","href":"https:\/\/api.w.org\/{rel}","templated":true}]}}